8
What is the remainder when 1206531 is divided by 12436?
239
Calculate the remainder when 83061406 is divided by 1968.
1966
Calculate the remainder when 7616742 is divided by 1580.
1142
Calculate the remainder when 46846857 is divided by 12.
9
Calculate the remainder when 23002355 is divided by 40.
35
Calculate the remainder when 281659638 is divided by 11.
7
Calculate the remainder when 638918 is divided by 5112.
5030
What is the remainder when 60647314 is divided by 228?
226
Calculate the remainder when 5296187 is divided by 58.
33
What is the remainder when 1621644 is divided by 245?
234
What is the remainder when 680427 is divided by 226801?
24
What is the remainder when 201918 is divided by 67263?
129
What is the remainder when 161160975 is divided by 98209?
6
Calculate the remainder when 7522 is divided by 6658.
864
What is the remainder when 538549 is divided by 1165?
319
What is the remainder when 85200412 is divided by 252?
220
What is the remainder when 523580 is divided by 167?
35
What is the remainder when 7114619 is divided by 20?
19
Calculate the remainder when 42381323 is divided by 26.
23
Calculate the remainder when 21440919 is divided by 4328.
7
What is the remainder when 63781 is divided by 31730?
321
Calculate the remainder when 574407 is divided by 5347.
2278
Calculate the remainder when 360441 is divided by 572.
81
What is the remainder when 32627219 is divided by 1317?
1178
Calculate the remainder when 393233 is divided by 885.
293
What is the remainder when 79866 is divided by 2335?
476
Calculate the remainder when 371015 is divided by 52964.
267
What is the remainder when 1107337 is divided by 874?
853
What is the remainder when 1306922 is divided by 2669?
1781
Calculate the remainder when 5288973 is divided by 891.
888
Calculate the remainder when 140186 is divided by 190.
156
What is the remainder when 25038 is divided by 194?
12
Calculate the remainder when 6736105 is divided by 75.
55
What is the remainder when 190158620 is divided by 508?
504
Calculate the remainder when 31225612 is divided by 42.
40
Calculate the remainder when 1448007 is divided by 15739.
19
What is the remainder when 10392502 is divided by 546973?
15
What is the remainder when 557500 is divided by 298?
240
Calculate the remainder when 332416 is divided by 110786.
58
Calculate the remainder when 32594 is divided by 2940.
254
What is the remainder when 3328698 is divided by 665739?
3
Calculate the remainder when 130957 is divided by 298.
135
Calculate the remainder when 71665138 is divided by 20.
18
Calculate the remainder when 438238 is divided by 237.
25
What is the remainder when 19080 is divided by 2571?
1083
What is the remainder when 28542891 is divided by 1476?
3
What is the remainder when 131710647 is divided by 30?
27
Calculate the remainder when 5035001 is divided by 13.
10
What is the remainder when 621070 is divided by 1005?
985
Calculate the remainder when 988578 is divided by 61752.
546
What is the remainder when 3625 is divided by 562?
253
What is the remainder when 149805 is divided by 9346?
269
Calculate the remainder when 266982 is divided by 10908.
5190
What is the remainder when 36653 is divided by 346?
323
Calculate the remainder when 6174596 is divided by 44.
32
What is the remainder when 600760 is divided by 3413?
72
What is the remainder when 2320154 is divided by 401?
369
What is the remainder when 26422 is divided by 26410?
12
What is the remainder when 939426048 is divided by 326?
324
Calculate the remainder when 136250 is divided by 7848.
2834
Calculate the remainder when 58441 is divided by 567.
40
Calculate the remainder when 11285826 is divided by 49.
48
What is the remainder when 108245374 is divided by 2375?
2374
What is the remainder when 49765 is divided by 16223?
1096
Calculate the remainder when 2819297 is divided by 61.
60
What is the remainder when 7783807 is divided by 6105?
6037
Calculate the remainder when 2358807 is divided by 138742.
193
Calculate the remainder when 9606866 is divided by 9606854.
12
Calculate the remainder when 533893 is divided by 139.
133
Calculate the remainder when 39625 is divided by 7743.
910
What is the remainder when 304723 is divided by 152323?
77
What is the remainder when 222042128 is divided by 19168?
16
What is the remainder when 39223 is divided by 39210?
13
Calculate the remainder when 10191772 is divided by 1384.
1380
Calculate the remainder when 159690 is divided by 159678.
12
Calculate the remainder when 8021478 is divided by 197.
32
Calculate the remainder when 728057706 is divided by 7.
5
Calculate the remainder when 144179 is divided by 71983.
213
What is the remainder when 3953521 is divided by 2040?
1
Calculate the remainder when 507671 is divided by 72520.
31
Calculate the remainder when 857606 is divided by 191.
16
Calculate the remainder when 4217954 is divided by 559.
299
What is the remainder when 660 is divided by 640?
20
What is the remainder when 1590367 is divided by 2406?
1
What is the remainder when 1178636 is divided by 1181?
1179
Calculate the remainder when 21261 is divided by 9132.
2997
Calculate the remainder when 1417857 is divided by 59076.
33
Calculate the remainder when 42919 is divided by 21137.
645
Calculate the remainder when 47779145 is divided by 15926377.
14
What is the remainder when 16754141 is divided by 206841?
20
Calculate the remainder when 16505923 is divided by 4126480.
3
Calculate the remainder when 289869 is divided by 6167.
20
Calculate the remainder when 44524145 is divided by 30664.
17
What is the remainder when 39087 is divided by 9442?
1319
What is the remainder when 231226 is divided by 57?
34
What is the remainder when 46216071 is divided by 48?
39
Calculate the remainder when 16328 is divided by 402.
248
What is the remainder when 104057 is divided by 20517?
1472
Calculate the remainder when 14146226 is divided by 465.
461
Calculate the remainder when 1538125 is divided by 3535.
400
What is the remainder when 64797 is divided by 6396?
837
Calculate the remainder when 141973 is divided by 47323.
4
Calculate the remainder when 552129 is divided by 995.
899
What is the remainder when 299556 is divided by 1869?
516
Calculate the remainder when 10335 is divided by 5159.
17
Calculate the remainder when 28445 is divided by 338.
53
Calculate the remainder when 52933544 is divided by 17644513.
5
Calculate the remainder when 1438279 is divided by 110635.
24
What is the remainder when 1449370 is divided by 32880?
2650
Calculate the remainder when 627953 is divided by 57066.
227
Calculate the remainder when 34360623 is divided by 17180309.
5
Calculate the remainder when 310432 is divided by 4029.
199
What is the remainder when 1031607 is divided by 11?
5
Calculate the remainder when 775589 is divided by 86171.
50
What is the remainder when 832923421 is divided by 9?
7
Calculate the remainder when 2181106 is divided by 308.
158
What is the remainder when 7853794 is divided by 145?
14
What is the remainder when 1759083 is divided by 47541?
66
What is the remainder when 4449183 is divided by 130858?
11
What is the remainder when 256994 is divided by 2990?
2844
Calculate the remainder when 497810923 is divided by 83.
80
What is the remainder when 11770485 is divided by 1681497?
6
What is the remainder when 364892 is divided by 5213?
5195
What is the remainder when 37008 is divided by 5185?
713
What is the remainder when 362368 is divided by 1200?
1168
What is the remainder when 9175903 is divided by 752?
751
Calculate the remainder when 58967820 is divided by 136.
124
What is the remainder when 93318 is divided by 15383?
1020
What is the remainder when 412264 is divided by 102857?
836
Calculate the remainder when 407880927 is divided by 91.
90
Calculate the remainder when 201753 is divided by 327.
321
What is the remainder when 10992873 is divided by 63177?
75
Calculate the remainder when 1670122 is divided by 5061.
5053
What is the remainder when 1012042 is divided by 1132?
34
Calculate the remainder when 240409 is divided by 1390.
1329
Calculate the remainder when 1097164 is divided by 182849.
70
Calculate the remainder when 63604 is divided by 6180.
1804
Calculate the remainder when 23402097 is divided by 592.
337
Calculate the